{"id":9624,"date":"2019-09-07T16:41:58","date_gmt":"2019-09-07T14:41:58","guid":{"rendered":"http:\/\/kliumed.de\/?page_id=9624"},"modified":"2026-04-08T17:14:05","modified_gmt":"2026-04-08T15:14:05","slug":"praxis-team-2","status":"publish","type":"page","link":"https:\/\/kliumed.de\/index.php\/praxis-team-2\/","title":{"rendered":"Praxisteam"},"content":{"rendered":"<div class=\"row \"><div class=\"wpv-grid grid-1-3  wpv-first-level first unextended animation-fade-in animated-active\" style=\"padding-top:0px;padding-bottom:0px\" id=\"wpv-column-53f3e2ca6116fd0e272a00f5ad4aa6ca\" ><div class=\"services clearfix fullimage has-image has-icon no-button \" style=\"text-align:center;\">\n\t<div class=\"services-inside\">\n\t\t\t\t\t\t\t\t\t<div class=\"thumbnail\">\n\t\t\t\t\t\t\t\t\t\t\t\t\t\t\t\t\t\t<img loading=\"lazy\" decoding=\"async\" width=\"629\" height=\"741\" src=\"https:\/\/kliumed.de\/wp-content\/uploads\/2022\/07\/as.png\" class=\"attachment-full size-full\" alt=\"\" srcset=\"https:\/\/kliumed.de\/wp-content\/uploads\/2022\/07\/as.png 629w, https:\/\/kliumed.de\/wp-content\/uploads\/2022\/07\/as-450x530.png 450w, https:\/\/kliumed.de\/wp-content\/uploads\/2022\/07\/as-255x300.png 255w, https:\/\/kliumed.de\/wp-content\/uploads\/2022\/07\/as-555x654.png 555w, https:\/\/kliumed.de\/wp-content\/uploads\/2022\/07\/as-360x424.png 360w, https:\/\/kliumed.de\/wp-content\/uploads\/2022\/07\/as-262x309.png 262w, https:\/\/kliumed.de\/wp-content\/uploads\/2022\/07\/as-255x300@2x.png 510w\" sizes=\"auto, (max-width: 629px) 100vw, 629px\" \/>\t\t\t\t\t\t\t\t\t\t\t\t\t\t\t<\/div>\n\t\t\t\t\t\t\t\t\t<div class=\"sep-2\"><\/div>\n\t\t\t\t\t\t\t\t\t\t\t\t\t\t<h3 class=\"services-title\">\n\t\t\t\t\t\t\t\t\tAndreas Schmitt\t\t\t\t\t\t\t<\/h3>\n\t\t\t\t\t\t\t<div class=\"services-content\">\n<p style=\"text-align: center;\">Facharzt f\u00fcr Innere- und Allgemeinmedizin<br \/>Akupunktur &#8211; Chirotherapie &#8211; Naturheilverfahren<br \/>Klinische Umweltmedizin (scopro)<br \/>Umwelt-Zahnmedizin (DEGUZ)<\/div>\n\t\t\t\t\t<\/div>\n<\/div>\n<\/div>\n<div class=\"wpv-grid grid-1-2  wpv-first-level unextended\" style=\"padding-top:0px;padding-bottom:0px\" id=\"wpv-column-e430c92efa56b886d17297341ed1ab1e\" ><p>Das\u00a0<strong>Studium der Humanmedizin<\/strong> absolvierte ich an der Johannes Gutenberg Universit\u00e4t\u00a0in\u00a0Mainz und an den Universit\u00e4tskliniken des Saarlandes\u00a0(Homburg).<\/p>\n<p>Nach der <strong>\u00e4rztlichen Pr\u00fcfung im Jahr 2004<\/strong> war ich als Assistenzarzt in der <strong>Inneren Abteilung des Krankenhauses St. Marienw\u00f6rth<\/strong> in Bad Kreuznach sowie in der allgemeinmedizinischen <strong>Praxis Dr. med. Nieswand<\/strong> mit Schwerpunkt Sportmedizin und Naturheilverfahren in <strong>Winterberg (Hochsauerland)<\/strong> t\u00e4tig.\u00a0 In dieser Zeit wurden neben der <strong>Facharztbezeichnung Innere- und Allgemeinmedizin<\/strong> auch\u00a0<strong>Zusatzbezeichnungen<\/strong> in den Gebieten <strong>Akupunktur, Manuelle Medizin\/Chirotherapie und Naturheilverfahren<\/strong> erworben.<\/p>\n<p>Von 2009 bis 2010 f\u00fchrte ich zusammen mit <strong>Herrn Dr. med. Thomas Greweldinger<\/strong> eine <strong>Gemeinschaftspraxis in Trier-Zewen<\/strong>. In der Zeit<b> von 2011 bis 2022<\/b> bin ich in eigener Praxis, zuerst in <strong>Meisenheim<\/strong>, anschlie\u00dfend in <strong>Guldental\u00a0<\/strong>t\u00e4tig gewesen. Von <strong>2020 bis Mitte 2022 <\/strong>leitete ich dort gemeinsam mit <strong>Frau Dr. med. Anna Lawall<\/strong> die Praxis f\u00fcr Integrative Medizin.<\/p>\n<p>Im <strong>September 2022<\/strong> habe ich mich, unterst\u00fctzt durch meine <strong>Ehefrau Yvonne<\/strong>, privat\u00e4rztlich in Braunweiler niedergelassen. Besondere Interessensgebiete bestehen in den Bereichen <strong>funktionelle Medizin, umweltassoziierte Erkrankungen<\/strong><strong> und genetisch bedingte Entgiftungsst\u00f6rungen<\/strong>.<\/p>\n<p style=\"background-color: transparent;\">Es besteht eine <strong>Mitgliedschaft<\/strong> in folgender Gesellschaft:<\/p>\n<p style=\"background-color: transparent;\"><a href=\"https:\/\/www.egku.eu\" target=\"_blank\" rel=\"noopener\">Europ\u00e4ische Gesellschaft f\u00fcr klinische Umweltmedizin e.V.<\/a><\/p>\n<span class='icon shortcode theme ' style='font-size:15px !important;color:#9bc861;'>&#57353;<\/span> \u00a0\u00a0 <a href=\"mailto:schmitt@kliumed.de\">schmitt@kliumed.de<\/a><\/div><\/div>\n<hr \/>\n<div class=\"row \"><div class=\"wpv-grid grid-1-3  wpv-first-level first unextended animation-fade-in animated-active\" style=\"padding-top:0px;padding-bottom:0px\" id=\"wpv-column-81006447ff5e0aa8ccf2e7895ba0715b\" ><div class=\"services clearfix fullimage has-image has-icon no-button \" style=\"text-align:center;\">\n\t<div class=\"services-inside\">\n\t\t\t\t\t\t\t\t\t<div class=\"thumbnail\">\n\t\t\t\t\t\t\t\t\t\t\t\t\t\t\t\t\t\t<img loading=\"lazy\" decoding=\"async\" width=\"621\" height=\"755\" src=\"https:\/\/kliumed.de\/wp-content\/uploads\/2022\/07\/ys.png\" class=\"attachment-full size-full\" alt=\"\" srcset=\"https:\/\/kliumed.de\/wp-content\/uploads\/2022\/07\/ys.png 621w, https:\/\/kliumed.de\/wp-content\/uploads\/2022\/07\/ys-450x547.png 450w, https:\/\/kliumed.de\/wp-content\/uploads\/2022\/07\/ys-247x300.png 247w, https:\/\/kliumed.de\/wp-content\/uploads\/2022\/07\/ys-555x675.png 555w, https:\/\/kliumed.de\/wp-content\/uploads\/2022\/07\/ys-360x438.png 360w, https:\/\/kliumed.de\/wp-content\/uploads\/2022\/07\/ys-262x319.png 262w, https:\/\/kliumed.de\/wp-content\/uploads\/2022\/07\/ys-247x300@2x.png 494w\" sizes=\"auto, (max-width: 621px) 100vw, 621px\" \/>\t\t\t\t\t\t\t\t\t\t\t\t\t\t\t<\/div>\n\t\t\t\t\t\t\t\t\t<div class=\"sep-2\"><\/div>\n\t\t\t\t\t\t\t\t\t\t\t\t\t\t<h3 class=\"services-title\">\n\t\t\t\t\t\t\t\t\tYvonne Schmitt\t\t\t\t\t\t\t<\/h3>\n\t\t\t\t\t\t\t<div class=\"services-content\">\n<p style=\"text-align: center;\">Praxisorganisation<br \/>Bioresonanz<\/p>\n<p style=\"text-align: left;\"><\/div>\n\t\t\t\t\t<\/div>\n<\/div>\n<\/div>\n<div class=\"wpv-grid grid-1-2  wpv-first-level unextended\" style=\"padding-top:0px;padding-bottom:0px\" id=\"wpv-column-299e41e91fb1c1715c382fef00cf9c1f\" ><p class=\"p3\"><span class=\"s2\">Im Jahr 2000 legte ich meine Pr\u00fcfung zur <strong>Hebamme<\/strong> ab und arbeitete in meinem erlernten Beruf mit Freude und gro\u00dfem Respekt vor dem Leben bis zur Geburt unserer Kinder.<\/span><\/p>\n<p class=\"p3\"><span class=\"s2\">Seit 2011 unterst\u00fctze ich meinen Mann, insbesondere im Bereich <strong>Praxisorganisation und Praxismanagement<\/strong> sowie als Sprechstundenhilfe.<\/span><\/p>\n<p class=\"p3\"><span class=\"s2\">Gepr\u00e4gt durch meine Familie hatte ich schon in meiner fr\u00fchen Jugend Kontakt zur Hom\u00f6opathie und fand zunehmend Interesse und Begeisterung f\u00fcr den Bereich der <strong>Naturheilkunde<\/strong>. Umso mehr freue ich mich, dass dies nun einer unserer <strong>Praxisschwerpunkte<\/strong> ist.\u00a0<\/span><\/p>\n<p class=\"p3\"><span class=\"s2\">Sprechen Sie mich gerne an, wenn Sie Fragen zur <strong>Praxisorganisation oder Abrechnung<\/strong> haben.<br \/><\/span><\/p>\n<h3 class=\"p3\"><span class=\"s2\"><u><br \/>Fortbildungen <\/u><br \/><\/span><\/h3>\n<p class=\"p3\"><span class=\"s2\">&#8211; Abrechnungsmanagement<br \/><\/span><span class=\"s2\">&#8211; Praxismanagement<br \/><\/span><span class=\"s2\">&#8211; Bioresonanzverfahren<\/span><\/p>\n<span class='icon shortcode theme ' style='font-size:15px !important;color:#9bc861;'>&#57353;<\/span> \u00a0\u00a0 <a href=\"mailto:mail@kliumed.de\">mail@kliumed.de<\/a><\/div><\/div>\n<hr \/>\n<div class=\"row \"><div class=\"wpv-grid grid-1-3  wpv-first-level first unextended animation-fade-in animated-active\" style=\"padding-top:0px;padding-bottom:0px\" id=\"wpv-column-86d70781c75a1d40a8fce21322c29590\" ><div class=\"services clearfix fullimage has-image has-icon no-button \" style=\"text-align:center;\">\n\t<div class=\"services-inside\">\n\t\t\t\t\t\t\t\t\t<div class=\"thumbnail\">\n\t\t\t\t\t\t\t\t\t\t\t\t\t\t\t\t\t\t<img loading=\"lazy\" decoding=\"async\" width=\"563\" height=\"591\" src=\"https:\/\/kliumed.de\/wp-content\/uploads\/2022\/12\/mh.png\" class=\"attachment-full size-full\" alt=\"\" srcset=\"https:\/\/kliumed.de\/wp-content\/uploads\/2022\/12\/mh.png 563w, https:\/\/kliumed.de\/wp-content\/uploads\/2022\/12\/mh-286x300.png 286w, https:\/\/kliumed.de\/wp-content\/uploads\/2022\/12\/mh-555x583.png 555w, https:\/\/kliumed.de\/wp-content\/uploads\/2022\/12\/mh-360x378.png 360w, https:\/\/kliumed.de\/wp-content\/uploads\/2022\/12\/mh-262x275.png 262w\" sizes=\"auto, (max-width: 563px) 100vw, 563px\" \/>\t\t\t\t\t\t\t\t\t\t\t\t\t\t\t<\/div>\n\t\t\t\t\t\t\t\t\t<div class=\"sep-2\"><\/div>\n\t\t\t\t\t\t\t\t\t\t\t\t\t\t<h3 class=\"services-title\">\n\t\t\t\t\t\t\t\t\tMonika Hahn\t\t\t\t\t\t\t<\/h3>\n\t\t\t\t\t\t\t<div class=\"services-content\">\n<p style=\"text-align: center;\">Labor<\/div>\n\t\t\t\t\t<\/div>\n<\/div>\n\n<p style=\"text-align: left;\"><\/div><\/div>\n\n\n<p><\/p>\n","protected":false},"excerpt":{"rendered":"<p>Das\u00a0Studium der Humanmedizin absolvierte ich an der Johannes Gutenberg Universit\u00e4t\u00a0in\u00a0Mainz und an den Universit\u00e4tskliniken des Saarlandes\u00a0(Homburg). Nach der \u00e4rztlichen Pr\u00fcfung im Jahr 2004 war ich als Assistenzarzt in der Inneren Abteilung des Krankenhauses St. Marienw\u00f6rth in Bad Kreuznach sowie in der allgemeinmedizinischen Praxis Dr. med. Nieswand mit Schwerpunkt Sportmedizin und Naturheilverfahren in Winterberg (Hochsauerland) t\u00e4tig.\u00a0&#8230;<\/p>\n","protected":false},"author":3,"featured_media":0,"parent":0,"menu_order":0,"comment_status":"closed","ping_status":"open","template":"","meta":{"footnotes":""},"class_list":["post-9624","page","type-page","status-publish"],"_links":{"self":[{"href":"https:\/\/kliumed.de\/index.php\/wp-json\/wp\/v2\/pages\/9624","targetHints":{"allow":["GET"]}}],"collection":[{"href":"https:\/\/kliumed.de\/index.php\/wp-json\/wp\/v2\/pages"}],"about":[{"href":"https:\/\/kliumed.de\/index.php\/wp-json\/wp\/v2\/types\/page"}],"author":[{"embeddable":true,"href":"https:\/\/kliumed.de\/index.php\/wp-json\/wp\/v2\/users\/3"}],"replies":[{"embeddable":true,"href":"https:\/\/kliumed.de\/index.php\/wp-json\/wp\/v2\/comments?post=9624"}],"version-history":[{"count":103,"href":"https:\/\/kliumed.de\/index.php\/wp-json\/wp\/v2\/pages\/9624\/revisions"}],"predecessor-version":[{"id":11739,"href":"https:\/\/kliumed.de\/index.php\/wp-json\/wp\/v2\/pages\/9624\/revisions\/11739"}],"wp:attachment":[{"href":"https:\/\/kliumed.de\/index.php\/wp-json\/wp\/v2\/media?parent=9624"}],"curies":[{"name":"wp","href":"https:\/\/api.w.org\/{rel}","templated":true}]}}